*i - 70. Let c(b) = -5*b + 1. What is c(i)?
-34
Let z(t) be the second derivative of -t**5/40 + t**4/24 - 5*t**3/2 + 4*t. Let n(q) be the second derivative of z(q). Suppose -5*g = -0*g - 20. What is n(g)?
-11
Let h = 3 + -9. Let f(u) = -91*u**2 + 2 + 1 + 24*u**2 + 27*u**2 + 41*u**2 + 6*u. Calculate f(h).
3
Suppose -6 = -2*s, -5*f + 2*s + 71 - 22 = 0. Suppose 2*d - q = -f, q + 20 = -3*d - q. Let u(j) = -j**2 - 6*j - 8. Determine u(d).
-8
Let c be (1/(-2))/(1/(-6)). Suppose 4*j = c*j. Let w(x) be the third derivative of x**4/24 - x**3/3 + 2*x**2 - 56*x + 36. What is w(j)?
-2
Let o(u) = u + 1. Let w(j) = 1. Let s(h) = -o(h) + 3*w(h). Let t be s(1). Let r(c) = -3*c. Let n(x) = -x**2 + 2*x. Let g(l) = 6*n(l) + 4*r(l). Give g(t).
-6
Let m(i) be the second derivative of i**8/6720 + i**7/504 - i**6/120 + i**5/40 - 13*i**4/12 - 15*i. Let y(d) be the third derivative of m(d). Determine y(-6).
3
Let l(p) = p**2 + 12*p + 9. Let d be l(-11). Let s(m) = -m**3 - 4*m**2 - m - 2. Let g(k) = -2*k**3 - 8*k**2 - 2*k - 4. Let n(r) = 2*g(r) - 5*s(r). Give n(d).
8
Let h(i) = 3*i - 4. Suppose -2*p + 16 = -2*c, 0 = p - 4*c - 16 + 2. Determine h(p).
14
Let g = 187 - 186. Let c(a) = -12*a + 4. Calculate c(g).
-8
Let v(x) = -4*x - 85. Let l be v(-20). Let u(b) = -3 - 2*b**3 + 0 + 3*b**3 + 4*b**2 - 5*b. Let q be u(l). Let h(m) = m**2 + 6*m + 2. What is h(q)?
-7
Let r(p) = -14*p - 2 + 32*p - 15*p - p**2. Determine r(2).
0
Suppose 5*j = -2*l - 14, 3*l = j + 6*l - 5. Let n(b) be the first derivative of -3*b**2/2 - 4*b + 2. What is n(j)?
8
Let j(p) = -p**2 - 2*p + 2. Let w(v) = -v**2 - 2*v + 2. Let g be 5 + -2 + (-1 - -1). Let l(k) = g*j(k) - 4*w(k). Calculate l(3).
13
Let f = -185 + 188. Let j(n) = n**2 - 3*n - 4. Calculate j(f).
-4
Let w(x) be the third derivative of -x**4/6 + 13*x**3/6 - 5*x**2. Let r(o) = 2*o - 7. Let u(a) = -11*r(a) - 6*w(a). Suppose 3*v = 5*v - 6. What is u(v)?
5
Let p(y) = 7*y - 2. Let b be p(0). Let h be ((5 - 1) + -4)/3 + b. Let c(s) = -7*s - 1. Determine c(h).
13
Let x(n) = -n**2 + 2*n - 2. Let i be (-1 - 123/(-9))/((-4)/(-6)). Let r(g) = -g**3 + 18*g**2 + 18*g + 22. Let s be r(i). What is x(s)?
-5
Let h(d) = 4*d - 9 - 10 + 18. Determine h(-3).
-13
Let u(p) = -4*p + 5. Let a = -2 + 3. Let f be (4 + 0)*a/1. What is u(f)?
-11
Let r = 9 + 8. Suppose -2*z + 3 = s, -5*z - s + 24 = -4*s. Suppose -2*g = r - z. Let d(c) = c + 4. Determine d(g).
-3
Let s(f) = -f. Let i = -15 + 11. Let y(c) = -c. Let h(x) = i*y(x) + 5*s(x). Determine h(-4).
4
Let j(v) = -v**3 + 4*v**2 - 3*v + 2. Let x be (20/(-40))/(1/(-6)). What is j(x)?
2
Let j(d) = 25*d**3 + 6. Let a(u) = -5 + 0*u + 4*u**3 - 28*u**3 + 0*u. Let x(i) = 5*a(i) + 4*j(i). Give x(-1).
19
Suppose 0 = 5*l - v - 25, -5*l + 32*v + 20 = 30*v. Let y(a) be the second derivative of a**3/6 + a**2/2 + a. Determine y(l).
7
Suppose -2*w - 756 = 124*w. Let p(l) = -l**2 - 4*l - 5. Calculate p(w).
-17
Suppose 5*b - 10 = 10. Suppose -2*y - b*y - 18 = 0. Let j(m) be the second derivative of m**5/20 + m**4/12 - 2*m**3/3 + m**2/2 - 2*m. Calculate j(y).
-5
Let w(z) = -1. Let c(y) = -3*y - 3. Let q(o) = c(o) - 5*w(o). Give q(-3).
11
Let p(n) = n**3 + 2 + 0 + 0*n**2 + 5*n**2. Suppose -2*m = 3*m. Let a be m/(-4) + -1 + -4. Calculate p(a).
2
Let h(m) = m**3 - 4*m**2 - 4*m - 2. Let c be h(5). Let f(y) = c*y + 79 - 78 - 2*y. Determine f(-6).
-5
Let m(t) be the third derivative of 1/120*t**6 - 2*t**2 + 0*t + 0 + 1/15*t**5 + 2/3*t**3 - 1/6*t**4. Let k = 7 - 12. Calculate m(k).
-1
Let b(g) = g**3 - g**2 - 3*g - 3. Suppose 5*v + 6 = 7*v. Suppose 0 = 5*j - 6*j + v. Determine b(j).
6
Suppose 21 = -c + 3*a, 2*a + 7 = 4*c + 41. Let g = -6 - c. Let u(s) = -2*s**2 - 4 - 3*s + g + 8. What is u(-3)?
-5
Suppose i - 13 + 7 = 0. Let q(f) = -3*f - 23. Let a(r) = -9*r - 16. Let u(t) = -4*t - 8. Let y(z) = 3*a(z) - 7*u(z). Let x(k) = i*q(k) + 17*y(k). Give x(-3).
1
Let v(h) = -8*h - 4. Let p(b) be the first derivative of -7*b**2/2 - 5*b + 7. Let l(s) = 2*p(s) - 3*v(s). Let f be l(-1). Let q(i) = -i - 3. What is q(f)?
5
Suppose 3 = 3*d - 3. Let x(c) = 0 + 2 + d*c - 8. Give x(4).
2
Suppose -3*l + 3*v - 12 = 0, 0*v - 4 = l - 2*v. Let y(s) = -s**3 - 5*s**2 - s. Calculate y(l).
-12
Let z(n) = 8*n + 33. Let y(h) = 32*h + 143. Let w(a) = 6*y(a) - 26*z(a). Suppose 4*f + 3*q = -8, 2*f - 3*q = q + 18. Let g be f/(-2)*(-1 - 1). What is w(g)?
-16
Let n(g) = -10*g - 12. Let b(j) = -5*j - 1. Let q(v) = -3*b(v) + n(v). Give q(3).
6
Let t(l) be the first derivative of -2*l**3/3 + 10*l**2 - 10*l + 336. Determine t(10).
-10
Let t(k) be the second derivative of -k**5/20 + 5*k**4/12 + 2*k**2 + 418*k. What is t(5)?
4
Let n(o) = 1 - 2*o**2 - 4*o**2 - o**3 + 4*o**2 + 2*o. Let l be n(-3). Suppose l*z + 7 = 3*z. Let c(p) = -2*p - 9. Determine c(z).
5
Let d = 119 + -232. Let c = 111 + d. Let b(r) = r**3 - r**2 + 2*r - 1. What is b(c)?
-17
Suppose 5*c - 17 = 3. Let q(r) = -3*r**2 - 1 - 2*r**2 + 6*r**2 - 5*r + 3. Calculate q(c).
-2
Let g(u) = -u**2 - 8*u - 12. Let p be g(-5). Suppose 72 = p*w + 6*w. Let x(k) = k**2 - 8*k - 7. Give x(w).
-7
Let t(a) = 6*a + 3*a + 18 - 17*a + 9*a + 2*a. What is t(-6)?
0
Suppose 30 = 5*a + 3*f, 0*a + 5*f = -2*a + 12. Let q(m) be the second derivative of 0 + 7/6*m**3 - 3*m - 1/12*m**4 + 5/2*m**2. Determine q(a).
11
Let o(y) = 4*y**3 - 7*y. Let c(z) = -7*z**3 + 12*z. Let a(t) = -3*c(t) - 5*o(t). Calculate a(2).
6
Let p(y) = 2*y**2 - 11*y + 4. Suppose 3*x = 4*o + 14, -3*x + 9*o = 7*o - 16. Give p(x).
10
Suppose 4*v + v - 25 = 0. Let l(n) = 42*n + 1. Let j(t) = 11*t - 1. Let w(b) = -4*j(b) + l(b). Give w(v).
-5
Suppose 2*y = 5*c - 11, 22 = -0*c + 4*c + 5*y. Suppose 8 = c*x + x. Let o(u) = 2*u**2 - 5 + 19*u - 23*u - u**x. What is o(5)?
0
Let r = -199 + 197. Let z(j) = 0*j - 2 + j + 0*j. Let n be z(r). Let v(o) = -o**3 - 4*o**2 - o + 4. Give v(n).
8
Let w(x) be the second derivative of -x**4/12 + x**3/3 + x**2/2 - 41*x + 1. Give w(2).
1
Let g = -71 + 71. Let o(t) be the second derivative of -1/6*t**3 + g - 11*t + 0*t**2. What is o(4)?
-4
Let v(q) = 575*q**2 + q**3 - 3 - 4 - 567*q**2. What is v(-8)?
-7
Let z be (18/(-15))/(3/(-10)). Let f(w) = -3*w - 5. Let r(s) = -4*s - 6. Let q(d) = 2*d - 7. Let g be q(6). Let t(l) = g*r(l) - 6*f(l). Give t(z).
-8
Let p(l) = -l. Suppose 0*v + 24 = 2*v. Suppose 4*s - v = 4. Suppose u = -s*u. Give p(u).
0
Let y(i) be the first derivative of i**3/2 + 3*i**2/2 - 35*i + 52. Let u(h) be the first derivative of y(h). Determine u(-2).
-3
Let j(p) = 25*p**2 + p + 1. Let y(z) = 6*z - 103. Let d be y(17). Determine j(d).
25
Let n(y) be the first derivative of -y**5/20 - y**4/3 + 5*y**3/6 - y**2/2 + 8*y + 14. Let t(p) be the first derivative of n(p). Calculate t(-5).
-1
Let q(v) = v**3 + 3*v**2 + 4*v. Let k be q(-2). Let i be -1 + ((-8)/k - (3 + -2)). Let h(l) = -l**2 - 8. Give h(i).
-8
Let n(o) be the first derivative of 4*o**4 - o**3/3 + o**2/2 - o + 594. Determine n(1).
15
Let y(n) = 38*n**2 + 38*n**2 + 14 - 15*n + n**3 - 61*n**2. What is y(-16)?
-2
Let x = 17 + -10. Let q(a) = -a**2 - 10*a + 3. Let u be q(-9). Let h(t) = -2 - 6*t**2 + u*t**2 + 4 - 7*t - 5*t**2. Give h(x).
2
Let p(y) = y**3 + 7. Let g be p(0). Let d(n) be the first derivative of n**2/2 + 8*n + 221. Determine d(g).
15
Let j(z) = -5*z - 12. Let p be j(10). Let u = p + 59. Let h(l) = -l**3 + 2 - 3*l - 3*l**2 - 2 - 2. Determine h(u).
7
Let y(i) be the first derivative of -i**7/840 - i**6/120 - i**5/120 + 5*i**3 + 13. Let z(x) be the third derivative of y(x). What is z(-3)?
3
Let l(m) = m**2 + 5*m - 4. Suppose 3*w - j - 102 = -0*j, -5*w = -3*j - 170. Suppose 4*r + 2*z + w = 0, -5*r - 4*z - 40 = -2*z. Give l(r).
2
Suppose -128 - 15 = -11*d. Let v be -1*(d + -1)*(-6)/12. Let f(u) = u**3 - 6*u**2 - 3*u - 3. What is f(v)?
-21
Let h = 349/2 - 174. Let k(v) be the first derivative of 3/2*v**4 + h*v**2 + 1/3*v**3 + 1 + v. Give k(-1).
-5
Let f(k) be the first derivative of k**2 - 550. Determine f(12).
24
Let f = 84 + -33. Let p be (-1)/(-4) + (-2)/(24/f). Let u(d) = d**2 + 3*d - 4. Calculate u(p).
0
Let z = -22 - -30. Suppose -c - 7*c = -z. Let g(l) = 2*l + 11*l**2 - l + 1 - 3*l. What is g(c)?
10
Let l(w) be the second derivative of w**4/12 - w**3/6 - 11*w**2/2 - 263*w. Calculate l(5).
9
Suppose -7*y + 32*y = -300. Let m(w) = -w**3 - 13*w**2 - 11*w + 13. What is m(y)?
1
Sup